{"id":13,"date":"2022-08-10T08:55:59","date_gmt":"2022-08-10T08:55:59","guid":{"rendered":"https:\/\/petradehler.de\/?page_id=13"},"modified":"2026-01-17T13:22:33","modified_gmt":"2026-01-17T13:22:33","slug":"home","status":"publish","type":"page","link":"https:\/\/petradehler-autorin.de\/","title":{"rendered":"Home"},"content":{"rendered":"<div class=\"wpb-content-wrapper\"><p>[vc_row][vc_column]<div id=\"ultimate-heading-772069fb8e62145b6\" class=\"uvc-heading ult-adjust-bottom-margin ultimate-heading-772069fb8e62145b6 uvc-8642 \" data-hspacer=\"line_only\"  data-halign=\"left\" style=\"text-align:left\"><div class=\"uvc-main-heading ult-responsive\"  data-ultimate-target='.uvc-heading.ultimate-heading-772069fb8e62145b6 h1'  data-responsive-json-new='{\"font-size\":\"\",\"line-height\":\"\"}' ><h1 style=\"font-weight:normal;\">Herzlich willkommen auf meiner Homepage<\/h1><\/div><div class=\"uvc-heading-spacer line_only\" style=\"topheight:1px;\"><span class=\"uvc-headings-line\" style=\"border-style:solid;border-bottom-width:1px;border-color:#ccc;width:autopx;\"><\/span><\/div><\/div>[vc_column_text css=&#8220;.vc_custom_1768656084271{margin-top: 50px !important;}&#8220;]Ich bin Petra Dehler.<\/p>\n<p>Viele Jahre arbeitete ich im Marketing internationaler Kosmetikunternehmen. Vor 28 Jahren entschied ich mich selbst\u00e4ndig zu werden und er\u00f6ffnete ein Gesch\u00e4ft. Ein Schritt, der mein Leben grundlegend ver\u00e4nderte. Nicht romantisch, nicht leicht, sondern fordernd, einsam und lehrreich.<\/p>\n<p>Ich arbeitete viel und verlor mich selbst dabei. Erst sp\u00e4t verstand ich, dass ein eigenes Unternehmen mehr braucht als Disziplin und Durchhalteverm\u00f6gen. Es braucht Selbstvertrauen, innere Klarheit und die Erlaubnis, den eigenen Weg wirklich zu gehen.<\/p>\n<p>Dieser Weg f\u00fchrte mich zu mir selbst und zur traditionellen chinesischen Medizin. Und er f\u00fchrte mich zum Schreiben.<\/p>\n<p>In meinen B\u00fcchern erz\u00e4hle ich von Frauen die fallen, zweifeln, suchen und die beginnen sich neu ausrichten. Von Lebensumbr\u00fcchen, leisen Wendepunkten und der inneren Kraft die entsteht, wenn wir aufh\u00f6ren unser ICH zu ignorieren.<\/p>\n<p>Meine Homepage ist ein Ort f\u00fcr Frauen die sp\u00fcren, dass es so nicht weitergeht und etwas Neues beginnen darf.<\/p>\n<p>Herzlichst<\/p>\n<p>Petra Dehler[\/vc_column_text][\/vc_column][\/vc_row]<\/p>\n<\/div>","protected":false},"excerpt":{"rendered":"<p>[vc_row][vc_column][vc_column_text css=&#8220;.vc_custom_1768656084271{margin-top: 50px !important;}&#8220;]Ich bin Petra Dehler. Viele Jahre arbeitete ich im Marketing internationaler Kosmetikunternehmen. Vor 28 Jahren entschied ich mich selbst\u00e4ndig zu werden und er\u00f6ffnete ein Gesch\u00e4ft. Ein Schritt, der mein Leben grundlegend ver\u00e4nderte. Nicht romantisch, nicht leicht, sondern fordernd, einsam und lehrreich. Ich arbeitete viel und verlor mich selbst dabei. Erst sp\u00e4t verstand [&hellip;]<\/p>\n","protected":false},"author":1,"featured_media":0,"parent":0,"menu_order":0,"comment_status":"closed","ping_status":"closed","template":"","meta":{"ocean_post_layout":"","ocean_both_sidebars_style":"","ocean_both_sidebars_content_width":0,"ocean_both_sidebars_sidebars_width":0,"ocean_sidebar":"0","ocean_second_sidebar":"0","ocean_disable_margins":"enable","ocean_add_body_class":"","ocean_shortcode_before_top_bar":"","ocean_shortcode_after_top_bar":"","ocean_shortcode_before_header":"","ocean_shortcode_after_header":"","ocean_has_shortcode":"","ocean_shortcode_after_title":"","ocean_shortcode_before_footer_widgets":"","ocean_shortcode_after_footer_widgets":"","ocean_shortcode_before_footer_bottom":"","ocean_shortcode_after_footer_bottom":"","ocean_display_top_bar":"default","ocean_display_header":"default","ocean_header_style":"","ocean_center_header_left_menu":"0","ocean_custom_header_template":"0","ocean_custom_logo":0,"ocean_custom_retina_logo":0,"ocean_custom_logo_max_width":0,"ocean_custom_logo_tablet_max_width":0,"ocean_custom_logo_mobile_max_width":0,"ocean_custom_logo_max_height":0,"ocean_custom_logo_tablet_max_height":0,"ocean_custom_logo_mobile_max_height":0,"ocean_header_custom_menu":"0","ocean_menu_typo_font_family":"0","ocean_menu_typo_font_subset":"","ocean_menu_typo_font_size":0,"ocean_menu_typo_font_size_tablet":0,"ocean_menu_typo_font_size_mobile":0,"ocean_menu_typo_font_size_unit":"px","ocean_menu_typo_font_weight":"","ocean_menu_typo_font_weight_tablet":"","ocean_menu_typo_font_weight_mobile":"","ocean_menu_typo_transform":"","ocean_menu_typo_transform_tablet":"","ocean_menu_typo_transform_mobile":"","ocean_menu_typo_line_height":0,"ocean_menu_typo_line_height_tablet":0,"ocean_menu_typo_line_height_mobile":0,"ocean_menu_typo_line_height_unit":"","ocean_menu_typo_spacing":0,"ocean_menu_typo_spacing_tablet":0,"ocean_menu_typo_spacing_mobile":0,"ocean_menu_typo_spacing_unit":"","ocean_menu_link_color":"","ocean_menu_link_color_hover":"","ocean_menu_link_color_active":"","ocean_menu_link_background":"","ocean_menu_link_hover_background":"","ocean_menu_link_active_background":"","ocean_menu_social_links_bg":"","ocean_menu_social_hover_links_bg":"","ocean_menu_social_links_color":"","ocean_menu_social_hover_links_color":"","ocean_disable_title":"default","ocean_disable_heading":"default","ocean_post_title":"","ocean_post_subheading":"","ocean_post_title_style":"","ocean_post_title_background_color":"","ocean_post_title_background":0,"ocean_post_title_bg_image_position":"","ocean_post_title_bg_image_attachment":"","ocean_post_title_bg_image_repeat":"","ocean_post_title_bg_image_size":"","ocean_post_title_height":0,"ocean_post_title_bg_overlay":0.5,"ocean_post_title_bg_overlay_color":"","ocean_disable_breadcrumbs":"default","ocean_breadcrumbs_color":"","ocean_breadcrumbs_separator_color":"","ocean_breadcrumbs_links_color":"","ocean_breadcrumbs_links_hover_color":"","ocean_display_footer_widgets":"default","ocean_display_footer_bottom":"default","ocean_custom_footer_template":"0","footnotes":""},"class_list":["post-13","page","type-page","status-publish","hentry","entry"],"yoast_head":"<!-- This site is optimized with the Yoast SEO plugin v27.5 - https:\/\/yoast.com\/product\/yoast-seo-wordpress\/ -->\n<title>Home - Petra Dehler<\/title>\n<meta name=\"robots\" content=\"index, follow, max-snippet:-1, max-image-preview:large, max-video-preview:-1\" \/>\n<link rel=\"canonical\" href=\"https:\/\/petradehler-autorin.de\/\" \/>\n<meta property=\"og:locale\" content=\"de_DE\" \/>\n<meta property=\"og:type\" content=\"article\" \/>\n<meta property=\"og:title\" content=\"Home - Petra Dehler\" \/>\n<meta property=\"og:description\" content=\"[vc_row][vc_column][vc_column_text css=&#8220;.vc_custom_1768656084271{margin-top: 50px !important;}&#8220;]Ich bin Petra Dehler. Viele Jahre arbeitete ich im Marketing internationaler Kosmetikunternehmen. Vor 28 Jahren entschied ich mich selbst\u00e4ndig zu werden und er\u00f6ffnete ein Gesch\u00e4ft. Ein Schritt, der mein Leben grundlegend ver\u00e4nderte. Nicht romantisch, nicht leicht, sondern fordernd, einsam und lehrreich. Ich arbeitete viel und verlor mich selbst dabei. Erst sp\u00e4t verstand [&hellip;]\" \/>\n<meta property=\"og:url\" content=\"https:\/\/petradehler-autorin.de\/\" \/>\n<meta property=\"og:site_name\" content=\"Petra Dehler\" \/>\n<meta property=\"article:modified_time\" content=\"2026-01-17T13:22:33+00:00\" \/>\n<meta name=\"twitter:card\" content=\"summary_large_image\" \/>\n<meta name=\"twitter:label1\" content=\"Gesch\u00e4tzte Lesezeit\" \/>\n\t<meta name=\"twitter:data1\" content=\"1\u00a0Minute\" \/>\n<script type=\"application\/ld+json\" class=\"yoast-schema-graph\">{\"@context\":\"https:\\\/\\\/schema.org\",\"@graph\":[{\"@type\":\"WebPage\",\"@id\":\"https:\\\/\\\/petradehler-autorin.de\\\/\",\"url\":\"https:\\\/\\\/petradehler-autorin.de\\\/\",\"name\":\"Home - Petra Dehler\",\"isPartOf\":{\"@id\":\"https:\\\/\\\/petradehler-autorin.de\\\/#website\"},\"datePublished\":\"2022-08-10T08:55:59+00:00\",\"dateModified\":\"2026-01-17T13:22:33+00:00\",\"breadcrumb\":{\"@id\":\"https:\\\/\\\/petradehler-autorin.de\\\/#breadcrumb\"},\"inLanguage\":\"de\",\"potentialAction\":[{\"@type\":\"ReadAction\",\"target\":[\"https:\\\/\\\/petradehler-autorin.de\\\/\"]}]},{\"@type\":\"BreadcrumbList\",\"@id\":\"https:\\\/\\\/petradehler-autorin.de\\\/#breadcrumb\",\"itemListElement\":[{\"@type\":\"ListItem\",\"position\":1,\"name\":\"Startseite\",\"item\":\"https:\\\/\\\/petradehler-autorin.de\\\/\"},{\"@type\":\"ListItem\",\"position\":2,\"name\":\"Home\"}]},{\"@type\":\"WebSite\",\"@id\":\"https:\\\/\\\/petradehler-autorin.de\\\/#website\",\"url\":\"https:\\\/\\\/petradehler-autorin.de\\\/\",\"name\":\"Petra Dehler\",\"description\":\"\",\"potentialAction\":[{\"@type\":\"SearchAction\",\"target\":{\"@type\":\"EntryPoint\",\"urlTemplate\":\"https:\\\/\\\/petradehler-autorin.de\\\/?s={search_term_string}\"},\"query-input\":{\"@type\":\"PropertyValueSpecification\",\"valueRequired\":true,\"valueName\":\"search_term_string\"}}],\"inLanguage\":\"de\"}]}<\/script>\n<!-- \/ Yoast SEO plugin. -->","yoast_head_json":{"title":"Home - Petra Dehler","robots":{"index":"index","follow":"follow","max-snippet":"max-snippet:-1","max-image-preview":"max-image-preview:large","max-video-preview":"max-video-preview:-1"},"canonical":"https:\/\/petradehler-autorin.de\/","og_locale":"de_DE","og_type":"article","og_title":"Home - Petra Dehler","og_description":"[vc_row][vc_column][vc_column_text css=&#8220;.vc_custom_1768656084271{margin-top: 50px !important;}&#8220;]Ich bin Petra Dehler. Viele Jahre arbeitete ich im Marketing internationaler Kosmetikunternehmen. Vor 28 Jahren entschied ich mich selbst\u00e4ndig zu werden und er\u00f6ffnete ein Gesch\u00e4ft. Ein Schritt, der mein Leben grundlegend ver\u00e4nderte. Nicht romantisch, nicht leicht, sondern fordernd, einsam und lehrreich. Ich arbeitete viel und verlor mich selbst dabei. Erst sp\u00e4t verstand [&hellip;]","og_url":"https:\/\/petradehler-autorin.de\/","og_site_name":"Petra Dehler","article_modified_time":"2026-01-17T13:22:33+00:00","twitter_card":"summary_large_image","twitter_misc":{"Gesch\u00e4tzte Lesezeit":"1\u00a0Minute"},"schema":{"@context":"https:\/\/schema.org","@graph":[{"@type":"WebPage","@id":"https:\/\/petradehler-autorin.de\/","url":"https:\/\/petradehler-autorin.de\/","name":"Home - Petra Dehler","isPartOf":{"@id":"https:\/\/petradehler-autorin.de\/#website"},"datePublished":"2022-08-10T08:55:59+00:00","dateModified":"2026-01-17T13:22:33+00:00","breadcrumb":{"@id":"https:\/\/petradehler-autorin.de\/#breadcrumb"},"inLanguage":"de","potentialAction":[{"@type":"ReadAction","target":["https:\/\/petradehler-autorin.de\/"]}]},{"@type":"BreadcrumbList","@id":"https:\/\/petradehler-autorin.de\/#breadcrumb","itemListElement":[{"@type":"ListItem","position":1,"name":"Startseite","item":"https:\/\/petradehler-autorin.de\/"},{"@type":"ListItem","position":2,"name":"Home"}]},{"@type":"WebSite","@id":"https:\/\/petradehler-autorin.de\/#website","url":"https:\/\/petradehler-autorin.de\/","name":"Petra Dehler","description":"","potentialAction":[{"@type":"SearchAction","target":{"@type":"EntryPoint","urlTemplate":"https:\/\/petradehler-autorin.de\/?s={search_term_string}"},"query-input":{"@type":"PropertyValueSpecification","valueRequired":true,"valueName":"search_term_string"}}],"inLanguage":"de"}]}},"_links":{"self":[{"href":"https:\/\/petradehler-autorin.de\/index.php\/wp-json\/wp\/v2\/pages\/13","targetHints":{"allow":["GET"]}}],"collection":[{"href":"https:\/\/petradehler-autorin.de\/index.php\/wp-json\/wp\/v2\/pages"}],"about":[{"href":"https:\/\/petradehler-autorin.de\/index.php\/wp-json\/wp\/v2\/types\/page"}],"author":[{"embeddable":true,"href":"https:\/\/petradehler-autorin.de\/index.php\/wp-json\/wp\/v2\/users\/1"}],"replies":[{"embeddable":true,"href":"https:\/\/petradehler-autorin.de\/index.php\/wp-json\/wp\/v2\/comments?post=13"}],"version-history":[{"count":10,"href":"https:\/\/petradehler-autorin.de\/index.php\/wp-json\/wp\/v2\/pages\/13\/revisions"}],"predecessor-version":[{"id":5381,"href":"https:\/\/petradehler-autorin.de\/index.php\/wp-json\/wp\/v2\/pages\/13\/revisions\/5381"}],"wp:attachment":[{"href":"https:\/\/petradehler-autorin.de\/index.php\/wp-json\/wp\/v2\/media?parent=13"}],"curies":[{"name":"wp","href":"https:\/\/api.w.org\/{rel}","templated":true}]}}